 5
Suppose 19 - 115 = -3*p. What are the prime factors of p?
2
Let x = 22 - 11. Suppose -f + 3 = 2*n + 2*f, f = -4*n + x. Suppose -2*b - s = 3*s - 28, 0 = 2*b - n*s - 21. List the prime factors of b.
2, 3
Suppose -3 = 4*y - 5*t, -y - t - 2 - 1 = 0. What are the prime factors of y/((-174)/57 + 3)?
2, 19
List the prime factors of (-408)/20*(-10)/4.
3, 17
Let w = 26 + -24. Suppose 0*m = w*m - 14. What are the prime factors of m?
7
Let w(f) = -f**3 + f. Let u be w(0). Suppose u = q + 4*q. List the prime factors of 52/4*(1 + q).
13
Let p(v) = -26*v + 5. List the prime factors of p(-4).
109
Suppose 2*u - 4*v = 230, -5*v + 500 = -3*u + 8*u. List the prime factors of u.
3, 5, 7
Suppose 0 = -3*p - 4*k - 16, -p - k - 4 = -0. Suppose 4*o = -4*c + 52, p*o - 5*o + 4*c = -65. What are the prime factors of o?
13
Let u(t) = t**3 + 3*t**2 - 6*t - 6. Let b be u(-4). Suppose 7*m = 2*m - 25, -x = -b*m - 36. List the prime factors of x.
2, 13
Suppose 6*k - k - 245 = -3*b, -5*b = -5*k - 435. What are the prime factors of b?
5, 17
Let n(s) = -93*s + 1. What are the prime factors of n(-1)?
2, 47
Let z(o) = -5*o + 11. Let t(l) = 2*l - 5. Let d(n) = -7*t(n) - 3*z(n). Let w be d(-8). List the prime factors of 3*(-8)/w*2.
2
Let w = 9 + -5. List the prime factors of 6/w*-12*-2.
2, 3
Let t = -9 + 6. Let g = 3 + t. Let w = g - -2. What are the prime factors of w?
2
List the prime factors of 44 + 4 + 0/4.
2, 3
Let b be -3 - 9/(9/40). Let z = -31 - b. List the prime factors of z.
2, 3
Let b be 0*(14/4)/7. Suppose 3*q - 2*o = 42, b = q + q + o - 35. List the prime factors of q.
2
Suppose -4*z - z = 5. Let p(j) = -9*j**3 - 2*j - 1. List the prime factors of p(z).
2, 5
Let p(b) = 25*b**2 + b - 1. Let c be p(1). Let q be (-5)/(-2)*20/c. What are the prime factors of q/(((-8)/(-6))/4)?
2, 3
Let n be 3/9 - 19/3. Let d(q) = 5*q**2 + 7*q - 21. Let o(f) = 9*f**2 + 13*f - 42. Let z(h) = n*o(h) + 11*d(h). What are the prime factors of z(0)?
3, 7
Suppose 5*x = -0*x + 4*y + 606, 0 = 4*x + 5*y - 493. What are the prime factors of x?
2, 61
Let w = 2 - 0. What are the prime factors of -1*(w - 26/2)?
11
Suppose 4*p + 0 + 1 = i, 2*i - 2 = p. Suppose 21 = -4*o + m, p = 2*o - 7*o + 3*m - 35. List the prime factors of (o/3)/(6/(-9)).
2
Let m = -32 + 37. What are the prime factors of m?
5
Suppose 0 = -4*x + 2*x + 4. Let y(s) = 2*s**x - 5*s + 3*s - 1 - 2 + 0*s**2. List the prime factors of y(3).
3
Let r(c) = -8*c**3 + 2*c**2 + 5*c - 4. List the prime factors of r(-3).
5, 43
Suppose 5*h + 5*s = 545, h + 4*h + 4*s = 549. List the prime factors of h.
113
Let d be 6/(-1)*1/(-3). Suppose -3*x = -2*z, -3*x = -z - 0 - 3. Suppose 0 = 2*j - 4*o + d - 24, -2*o + 33 = z*j. List the prime factors of j.
11
Suppose 2*z = 42 + 60. List the prime factors of z.
3, 17
Suppose -4*d = -0*d - 28. Let h = -2 + d. List the prime factors of (10 - 0) + (7 - h).
2, 3
Suppose -5*d + 314 = 3*u, 8*u = 6*u - 3*d + 209. List the prime factors of u.
103
Suppose 0 = -5*k - 3*b, -2*b = 2*k - 6*b. Let x = k + 8. List the prime factors of x.
2
Let d = 842 + -1470. Let g be d/16 - 2/(-8). Let w = -20 - g. List the prime factors of w.
19
Let s(f) = -f**2 - 2*f - 2. Let u be s(3). Let y = u - -29. Suppose 2*j - y = -4*c, -3*j - c = -14 - 19. What are the prime factors of j?
2, 3
Let m = 3 - 6. List the prime factors of (64/(-12))/(1/m).
2
Suppose 5*d + 4*k = k + 19, 5*k = -4*d + 23. Let j = d - 0. What are the prime factors of j?
2
Suppose 0*j + 39 = 3*j. Let w(r) = -r**2 + r - 2. Let t be w(-2). Let d = t + j. List the prime factors of d.
5
Let v(o) = -21*o**2 + o - 6. Let i(p) = -63*p**2 + 3*p - 17. Let m(k) = -6*i(k) + 17*v(k). Let c(n) = n + 5. Let j be c(-4). List the prime factors of m(j).
2, 5
Let x = 117 + -86. What are the prime factors of x?
31
Let f = 11 + 5. What are the prime factors of f?
2
Let b(n) = -7*n**2 - n. Let q(p) = 15*p**2 + p + 1. Let w(l) = 13*b(l) + 6*q(l). Let g = 2 + -8. List the prime factors of w(g).
2, 3
Let l be 1 + 2/((-4)/2). Suppose 0 = -2*r + c - l*c + 7, 2*c = -5*r + 22. List the prime factors of r.
2
Let j = -56 - -126. Suppose 6*s = s + j. Suppose -5*t = -3*m + s, -4*m - 5*t = -2*m - 26. What are the prime factors of m?
2
Let c be (-3 + 4)*(-14)/(-2). Let p(s) = s**3 - 2*s**2 - 5*s + 6. Let t be p(4). Suppose -c - t = -5*d. List the prime factors of d.
5
Let b(z) = z**2 - 16*z + 22. Let c be b(16). What are the prime factors of 4/c - 819/(-33)?
5
Let i(h) = h**3 - 6*h**2 - 7*h. Let s be i(7). List the prime factors of 2 + 0/(s - -2).
2
Let l be 6/12 + (-166)/(-4). What are the prime factors of (1/(-1) - -1) + l?
2, 3, 7
Let k = -17 + 13. What are the prime factors of -7*(0 + k - -2)?
2, 7
Let x(b) = 3*b + 6. Let c be x(-6). Let q = -4 - c. What are the prime factors of q?
2
What are the prime factors of (1 + 14)/(-3) + 109?
2, 13
Let s = 130 + -86. List the prime factors of s.
2, 11
Suppose u = -3*c - 0*u + 14, 20 = 5*c + 5*u. Suppose 2*s - 3*s + 27 = -c*n, 20 = -4*n. Suppose -j + 14 = 4*q - s*q, -q = -2*j + 23. List the prime factors of j.
2, 3
Let w(h) be the second derivative of h**5/20 - h**4/2 - 3*h**3/2 + 4*h**2 + h. Let o be w(7). List the prime factors of (4/o)/(5/(-15)).
2
Let g be (-4)/(-1)*(-36)/(-8). Suppose 2*y - 3*t - g = 0, 3*y + 4*t = 2*y - 13. What are the prime factors of y + (-6)/(1*-3)?
5
Suppose -3*j = -4*p - j + 8, 4 = 2*p + 4*j. Let i be ((-3)/p)/((-1)/6). Let t = i - 3. What are the prime factors of t?
2, 3
Suppose 0 = 4*i + 3*m - 31, -5*i - 2*m + 15 = -3*m. List the prime factors of i.
2
Let w be (-4)/6 + 31/(-3). Let l be 3*(-1 + w/(-3)). Let k = l + 3. What are the prime factors of k?
11
Let v be 3 - (0/(-1))/(-1). Suppose -4 = 2*s - v*s. Suppose -6 - 6 = -s*t. List the prime factors of t.
3
Let v = -7 - 1. Let j = -6 - v. What are the prime factors of j?
2
Let y be -1 - -1 - (2 + -2). Suppose 16 = 4*x, y*r - 5*r + 5*x = -65. Let t = r - 6. What are the prime factors of t?
11
Let h(a) = a**3 - 5*a - 3*a + 4*a**2 + 0*a**2 - 5 + 6*a. List the prime factors of h(-4).
3
Suppose -5*p + 3*f + 499 = -175, f - 546 = -4*p. What are the prime factors of p?
2, 17
Suppose 0 - 6 = -q. Let o = 10 - q. Suppose 0*u - 3*u - 6 = 0, -o*u = 5*n - 42. List the prime factors of n.
2, 5
Let c(j) = j - 5. Let m be c(8). What are the prime factors of 10 + m/(9/(-3))?
3
Suppose 6 = p - 2*n, 27 = -0*p + 4*p - 5*n. What are the prime factors of p?
2
Suppose -9 = -4*y + 7. Suppose 0 = y*r + 3*s - 60, 3*r - 75 = -2*r + 4*s. List the prime factors of r.
3, 5
Let b(l) = l**3 - 5*l**2 - 2*l + 5. Let j(x) = -4*x - 6. Let c be j(-3). What are the prime factors of b(c)?
29
Let v be (80/24)/(1/(-3)). Let u be ((-12)/v)/(9/30). Suppose u*a - 58 = -5*t, 10*t = -3*a + 5*t + 46. List the prime factors of a.
2, 3
Suppose u + 4*u + 175 = 3*c, 3*c - 2*u = 187. Suppose 2*s = q + c, -5*q = -q - 12. What are the prime factors of s?
2, 17
Let z = -7 - -6. What are the prime factors of (3 - (18 + 2))/z?
17
Let q = -25 - -45. Suppose -5*s + 5*j = -2*s - 2, -4*j + q = 0. What are the prime factors of s?
3
Let w(y) = -10*y - 10. List the prime factors of w(-5).
2, 5
Let d be (6/(-15))/(-1)*10. Suppose -4*y + 9*y = -d*i + 43, 2*y + i = 16. List the prime factors of y.
7
Let c = -52 - -131. List the prime factors of c.
79
Let l be 3 + 32 + 1 + -4. Let h = l + -9. List the prime factors of h.
23
Suppose n = -0*n + 9. List the prime factors of n.
3
Let x(t) = 4*t**2 - 6*t - 4. List the prime factors of x(5).
2, 3, 11
Let m be 186/(-10) - 10/25. Let u = 40 + m. List the prime factors of u.
3, 7
What are the prime factors of (-3)/(178/(-574) + (-10)/(-35))?
3, 41
Let s(z) = 1 - 6 - z**3 + 2*z**3 + 3. What are the prime factors of s(2)?
2, 3
Let h = 11 + -15. Let w = 12 - h. List the prime factors of w.
2
Let p be 12/(-20) + 18/5. Suppose -j + 4 = -p*j. List the prime factors of (j/3)/((-6)/45).
5
Let h = 68 + -30. Suppose -h - 26 = -4*u. Suppose -k + u = 3*k. What are the prime factors of k?
2
Let f(r) = r**3 + 8*r**2 + 6*r - 1. Suppose 3*a = -7 - 14. What are the prime factors of f(a)?
2, 3
Let l = 238 - 164. What are the prime factors of l?
2, 37
Suppose 14*c + 215 = 19*c. What are the prime factors of c?
43
Suppose 176 = 5*o + 26. List the prime factors of 715/o + (-2)/(-12).
2, 3
Let h(l) = 15*l**2. Let j be h(1). List